{"version":"1.0","provider_name":"Mets\u00e4p\u00e4iv\u00e4t","provider_url":"https:\/\/smy.fi\/metsapaivat","author_name":"Anna Kauppi","author_url":"https:\/\/smy.fi\/metsapaivat\/author\/annakauppi\/","title":"Mets\u00e4p\u00e4iv\u00e4t t\u00e4ytt\u00e4\u00e4 100 vuotta \u2013 juhlaa vietet\u00e4\u00e4n lokakuussa 2025 - Mets\u00e4p\u00e4iv\u00e4t","type":"rich","width":600,"height":338,"html":"<blockquote class=\"wp-embedded-content\" data-secret=\"s4xM8lwC1z\"><a href=\"https:\/\/smy.fi\/metsapaivat\/metsapaivat-tayttaa-100-vuotta\/\">Mets\u00e4p\u00e4iv\u00e4t t\u00e4ytt\u00e4\u00e4 100 vuotta \u2013 juhlaa vietet\u00e4\u00e4n lokakuussa 2025<\/a><\/blockquote><iframe sandbox=\"allow-scripts\" security=\"restricted\" src=\"https:\/\/smy.fi\/metsapaivat\/metsapaivat-tayttaa-100-vuotta\/embed\/#?secret=s4xM8lwC1z\" width=\"600\" height=\"338\" title=\"&#8221;Mets\u00e4p\u00e4iv\u00e4t t\u00e4ytt\u00e4\u00e4 100 vuotta \u2013 juhlaa vietet\u00e4\u00e4n lokakuussa 2025&#8221; &#8212; Mets\u00e4p\u00e4iv\u00e4t\" data-secret=\"s4xM8lwC1z\" frameborder=\"0\" marginwidth=\"0\" marginheight=\"0\" scrolling=\"no\" class=\"wp-embedded-content\"><\/iframe><script type=\"text\/javascript\">\n\/* <![CDATA[ *\/\n\/*! This file is auto-generated *\/\n!function(d,l){\"use strict\";l.querySelector&&d.addEventListener&&\"undefined\"!=typeof URL&&(d.wp=d.wp||{},d.wp.receiveEmbedMessage||(d.wp.receiveEmbedMessage=function(e){var t=e.data;if((t||t.secret||t.message||t.value)&&!\/[^a-zA-Z0-9]\/.test(t.secret)){for(var s,r,n,a=l.querySelectorAll('iframe[data-secret=\"'+t.secret+'\"]'),o=l.querySelectorAll('blockquote[data-secret=\"'+t.secret+'\"]'),c=new RegExp(\"^https?:$\",\"i\"),i=0;i<o.length;i++)o[i].style.display=\"none\";for(i=0;i<a.length;i++)s=a[i],e.source===s.contentWindow&&(s.removeAttribute(\"style\"),\"height\"===t.message?(1e3<(r=parseInt(t.value,10))?r=1e3:~~r<200&&(r=200),s.height=r):\"link\"===t.message&&(r=new URL(s.getAttribute(\"src\")),n=new URL(t.value),c.test(n.protocol))&&n.host===r.host&&l.activeElement===s&&(d.top.location.href=t.value))}},d.addEventListener(\"message\",d.wp.receiveEmbedMessage,!1),l.addEventListener(\"DOMContentLoaded\",function(){for(var e,t,s=l.querySelectorAll(\"iframe.wp-embedded-content\"),r=0;r<s.length;r++)(t=(e=s[r]).getAttribute(\"data-secret\"))||(t=Math.random().toString(36).substring(2,12),e.src+=\"#?secret=\"+t,e.setAttribute(\"data-secret\",t)),e.contentWindow.postMessage({message:\"ready\",secret:t},\"*\")},!1)))}(window,document);\n\/\/# sourceURL=https:\/\/smy.fi\/metsapaivat\/wp-includes\/js\/wp-embed.min.js\n\/* ]]> *\/\n<\/script>\n","thumbnail_url":"https:\/\/smy.fi\/metsapaivat\/wp-content\/uploads\/sites\/2\/2024\/10\/Metsapaivat2024_Vilma-Issakainen044.jpg","thumbnail_width":2080,"thumbnail_height":1388,"description":"Suomen Mets\u00e4yhdistys on j\u00e4rjest\u00e4nyt valtakunnallisia Mets\u00e4p\u00e4ivi\u00e4 jo vuodesta 1925 alkaen. Tapahtuman 100-vuotisjuhlaa vietet\u00e4\u00e4n lokakuussa 2025. Mets\u00e4p\u00e4ivill\u00e4 on todella pitk\u00e4 historia. Suomen Mets\u00e4yhdistys j\u00e4rjesti ensimm\u00e4iset Mets\u00e4p\u00e4iv\u00e4t \u2013 silloisen Mets\u00e4viikon \u2013 jo vuonna 1925. V\u00e4liin on j\u00e4\u00e4nyt vain muutama vuosi sodan ja koronan vuoksi. Vuoden 2024 Mets\u00e4p\u00e4iv\u00e4t olivat 95. tapahtuma. Jo vuonna 1925 Mets\u00e4p\u00e4iv\u00e4t tehtiin yhteisty\u00f6ss\u00e4 mets\u00e4alan..."}

Metsäpäivät

Metsäpäivät täyttää 100 vuotta – juhlaa vietetään lokakuussa 2025 - Metsäpäivät

<blockquote class="wp-embedded-content" data-secret="s4xM8lwC1z"><a href="https://smy.fi/metsapaivat/metsapaivat-tayttaa-100-vuotta/">Metsäpäivät täyttää 100 vuotta – juhlaa vietetään lokakuussa 2025</a></blockquote><iframe sandbox="allow-scripts" security="restricted" src="https://smy.fi/metsapaivat/metsapaivat-tayttaa-100-vuotta/embed/#?secret=s4xM8lwC1z" width="600" height="338" title="&#8221;Metsäpäivät täyttää 100 vuotta – juhlaa vietetään lokakuussa 2025&#8221; &#8212; Metsäpäivät" data-secret="s4xM8lwC1z" frameborder="0" marginwidth="0" marginheight="0" scrolling="no" class="wp-embedded-content"></iframe><script type="text/javascript">
/* <![CDATA[ */
/*! This file is auto-generated */
!function(d,l){"use strict";l.querySelector&&d.addEventListener&&"undefined"!=typeof URL&&(d.wp=d.wp||{},d.wp.receiveEmbedMessage||(d.wp.receiveEmbedMessage=function(e){var t=e.data;if((t||t.secret||t.message||t.value)&&!/[^a-zA-Z0-9]/.test(t.secret)){for(var s,r,n,a=l.querySelectorAll('iframe[data-secret="'+t.secret+'"]'),o=l.querySelectorAll('blockquote[data-secret="'+t.secret+'"]'),c=new RegExp("^https?:$","i"),i=0;i<o.length;i++)o[i].style.display="none";for(i=0;i<a.length;i++)s=a[i],e.source===s.contentWindow&&(s.removeAttribute("style"),"height"===t.message?(1e3<(r=parseInt(t.value,10))?r=1e3:~~r<200&&(r=200),s.height=r):"link"===t.message&&(r=new URL(s.getAttribute("src")),n=new URL(t.value),c.test(n.protocol))&&n.host===r.host&&l.activeElement===s&&(d.top.location.href=t.value))}},d.addEventListener("message",d.wp.receiveEmbedMessage,!1),l.addEventListener("DOMContentLoaded",function(){for(var e,t,s=l.querySelectorAll("iframe.wp-embedded-content"),r=0;r<s.length;r++)(t=(e=s[r]).getAttribute("data-secret"))||(t=Math.random().toString(36).substring(2,12),e.src+="#?secret="+t,e.setAttribute("data-secret",t)),e.contentWindow.postMessage({message:"ready",secret:t},"*")},!1)))}(window,document);
//# sourceURL=https://smy.fi/metsapaivat/wp-includes/js/wp-embed.min.js
/* ]]> */
</script>

Suomen Metsäyhdistys on järjestänyt valtakunnallisia Metsäpäiviä jo vuodesta 1925 alkaen. Tapahtuman 100-vuotisjuhlaa vietetään lokakuussa 2025. Metsäpäivillä on todella pitkä historia. Suomen Metsäyhdistys järjesti ensimmäiset Metsäpäivät – silloisen Metsäviikon – jo vuonna 1925. Väliin on jäänyt vain muutama vuosi sodan ja koronan vuoksi. Vuoden 2024 Metsäpäivät olivat 95. tapahtuma. Jo vuonna 1925 Metsäpäivät tehtiin yhteistyössä metsäalan...
